?
-1
What is the value of (10 - 2) + 17 + -30 + 13?
8
Calculate -1 + 0 + -11 + (-9 - -2).
-19
What is the value of -2 + ((-3 - -8) + -32 - -8)?
-21
What is 2 + -4 + 10 - (26 + (0 - 5))?
-13
-3 - ((1 - 39) + 37)
-2
What is (10 - (33 - 40 - (-2 + -8))) + -5?
2
What is 6 - (8 + 8 + -6 + 15 + 4)?
-23
34 - (-22 - (-8 + -29))
19
What is the value of -4 - ((7 + -15 - -5) + 6)?
-7
29 - 4 - 21 - (23 - -1)
-20
-8 + 1 + -21 + 31 + (22 - 30)
-5
4 - (2 + 1) - (-7 - (2 - 5))
5
Calculate 3 - ((-2 - 3) + (-29 - -28)).
9
-491 - -483 - (-1 - -1 - 12)
4
What is (-2 - (8 + 3)) + -5 + 1 + 3?
-14
What is 1 + 17 + -23 + -3 + (2 - 3)?
-9
Calculate 6 + -3 + 3 - 2.
4
What is 1 + 5 + 1 + -3 + -20?
-16
What is the value of (-9 - -16) + (-5 + 0 - (2 + 2))?
-2
What is the value of 7 - ((8 - 9) + (0 - -6 - -3))?
-1
Calculate (-2 - -18) + (-70 - -46).
-8
What is (-2 - 6) + (4 - 10) + 10?
-4
Evaluate (2 - 5 - -32) + (-14 - 31 - -46).
30
What is the value of 2 - (-2 - -16 - 24)?
12
What is the value of 425 - 418 - (-16 + 5)?
18
Calculate 0 + -3 + (-10 - -4) + 18.
9
Evaluate 11 - 23 - -11 - (0 - -7).
-8
What is (-4 - 1) + -1 + (-13 - -9) - 8?
-18
What is 0 + (-5 + 2 + 1 + 11 - 8)?
1
Evaluate 0 - (2 - 7 - 0) - (-15 + 13).
7
Calculate -284 - -256 - (-2 - 24).
-2
What is the value of 26 - (-16 + 43 + 17)?
-18
What is the value of (4 - (0 - -5) - (-12 - -16)) + 9?
4
What is 36 + (-10 - (-5 + (1 - -5 - 2)))?
27
What is the value of -12 + (5 + -2 - -12) - 10?
-7
What is the value of (-4 - 8 - -5 - (-2 - -2)) + 3?
-4
1 + -1 + 43 + -21 + -23 + 16
15
(4 - 0) + (-32 - -25) + -9
-12
Evaluate (-13 + 23 - 14) + (36 - (-4 - -8)).
28
What is (0 - 1) + (33 - (-3 + 22)) + -17?
-4
What is the value of -3 - (5 + (21 - 42))?
13
What is the value of 8 + 5 - (1 + 1 + -5)?
16
What is the value of -41 - (-8 + -12) - -7?
-14
-1 - (5 + -6) - (-38 + 37)
1
-12 + (-5 - 0 - 6) + 43
20
What is -263 + 254 - (2 + -7 + (-1 - 0))?
-3
(2 - (2 + -2)) + 1 + (-27 - -24)
0
Evaluate -29 - (-18 + 10 + (-10 - -6)).
-17
What is -43 + -14 + 17 + 21?
-19
What is (-3 - -7) + -7 + (2 - 1)?
-2
What is the value of 18 - (0 - (-3 + -13))?
2
What is the value of -8 - (-17 - (19 + -28)) - (-1 + -23)?
24
What is the value of -9 - (1 - 0 - -4 - 12 - -5)?
-7
Evaluate (-87 - -88 - (-6 - 1)) + -3.
5
What is the value of 10 + (7 + -6 + 0 + 5 - 8)?
8
What is the value of (-36 - (-9 - 40)) + -40?
-27
What is (-5 - 2) + (8 - -31)?
32
What is (-128 - -110) + -4 + (-1 - -6) + 4?
-13
Calculate 41 + (-14 - 4 - -28 - 16).
35
What is (-31 - (-17 + 24)) + 66?
28
Evaluate 61 + -46 + -15 + 1.
1
What is the value of 4 + -10 + 0 - (1 + 6 + -30)?
17
Evaluate 1 - ((-26 - -21 - (-2 - -1)) + -7).
12
What is 11 + -10 - -2 - (11 + -1)?
-7
(19 - (-24 + 33)) + 1 + -5
6
What is 8 - ((10 - -4) + 13)?
-19
Evaluate -7 - -5 - 8 - -5.
-5
(1 - 0) + 14 + -11 + -4 - 5
-5
Calculate 4 - (-8 - -11) - -8.
9
1 - (20 - 63) - 45
-1
(1 - 2) + -23 + (20 + -4 - 21)
-29
5 - 8 - ((3 - -9) + (-9 - -3))
-9
Evaluate 14 + -13 + -12 + -3 + 5.
-9
Evaluate -4 + (-9 - -13) + -3 + -1 + 0.
-4
What is the value of 0 + (2 - 9) - (554 - 544)?
-17
14 - (0 + 17 - (-43 - -48)) - 5
-3
Evaluate (8 + -3 - 1) + (4 - 4) - -3.
7
What is the value of 5 - (19 + -6 + 11 + (-20 - -7))?
-6
Evaluate 10 - 3 - 12 - -6.
1
What is (4 - (19 - 12)) + (-4 - (4 - 4))?
-7
(29 - 15) + 9 + -4 + -15
4
Calculate (-11 - (5 - (13 + -3 + -3))) + 30.
21
What is the value of 19 + (-27 - -19) + -3?
8
Calculate -10 + 2 + 1 + 9 + -1.
1
-3 + 2 - (-23 - (-2 - (-3 + 5)))
18
Calculate -6 + (7 - (0 - -1)) + (8 - -8).
16
Evaluate 13 + (13 - 20) - -6 - (2 - 16).
26
Calculate (8 - 10) + (-15 - (1 - (7 - 4))).
-15
What is 14 - (-18 + (-17 - -18) + 6)?
25
What is -6 - (1 - 14) - (-4 + 10)?
1
Calculate -8 - (0 + -2 + 11 - 16).
-1
Evaluate 0 + (4 - -3) + -2 + -8 + 6.
3
((11 - 12) + 4 - (-5 + 3)) + -18
-13
(-22 - -7) + 9 + -8
-14
Calculate 64 - (37 + (-10 - -7)).
30
(-54 - -37) + 15 + (0 - 3 - -1)
-4
(6 - -4 - -4) + -1 + -33
-20
Evaluate (32 - 0) + (-1 - 18).
13
Calculate (-1 - (0 + -9)) + 141 + -128.
21
Evaluate 6 - -1 - ((-18 - -12) + -6 + 16).
3
13 - (36 + -27) - (1 - -5)
-2
Calculate 17 + (14 + -3 - 36).
-8
(13 + -25 - 0) + 29 + -8 + 4
13
Calculate (-22 + 7 - 6) + 55.
34
Evaluate 101 + -98 - (2 - (5 - -1)).
7
What is the value of 2 - ((2 + -12 + 5 - -9) + 5)?
-7
Calculate -3 + 1 - (-12 - (-3 - -15) - -15).
7
Evaluate -4 + (12 - -2) + -19 + -14 + 0.
-23
What is the value of (9 - 9 - 4) + 3 + -8?
-9
Calculate 457 - 469 - (-1 - (-1 - -14)).
2
Calculate 6 + -4 + -9 + 17.
10
What is 0 + 7 + -6 + (-6 - 0 - 2)?
-7
Calculate -16 - (-21 - -8) - (-2 - (-3 - 2)).
-6
Calculate -4 - (8 + (-1 - 7) + -4 + -1).
1
What is 5 + ((-17 - -19) + 0 + -17 - -7)?
-3
(13 - 18) + -5 + 3
-7
What is the value of (-21 - (-12 + 7)) + (-13 - -14)?
-15
Evaluate 17 - (68 - 35 - 20).
4
-3 + 11 + 5 + 0
13
Calculate -15 + 20 - (6 - -2) - -3.
0
Calculate 16 + 1 + (-1571 - -1592).
38
What is 1 - (-11 - -15) - (-13 + -9)?
19
What is the value of 367 + -348 - (15 + -1)?
5
Calculate 23 - (-15 + 39) - -18.
17
Calculate 1 - ((-7 - -6) + (-11 - -8)).
5
Calculate 0 - 2 - (-131 - -141).
-12
(-23 - -44) + -57 + 18
-18
6 + (-4 + 2 - (10 - 12) - -3)
9
What is the value of 12 - (-2 - (10 + 5 + -12))?
17
Calculate 59 - 42 - (0 - -4).
13
(46 - 49) + 3 + 0 + -4 - 4
-8
What is 18 + -27 + 4 - -17?
12
(-5 - -6) + (-12 - ((8 - 10) + -6))
-3
Evaluate -14 + 36 + -10 - 8.
4
(11 - (-20 + 7 + 31)) + 4
-3
What is the value of -6 + 0 + -27 + 36?
3
Calculate (46 - 39) + 1 + 3 + 0.
11
Calculate 19 + (4 - (25 - 3)).
1
What is -38 - -35 - -23 - (-1 + 13)?
8
-35 - (-25 - (11 + -18))
-17
What is 11 + (-7 - -9) + -23 - -2?
-8
What is the value of (1 - 2) + (-63 - -49) + 2?
-13
Evaluate -4 - ((5 - (-9 - 3)) + 3).
-24
What is the value of (-19 - -19 - 10) + 9?
-1
-6 - (2 + -4 + -7) - (-3 + 25)
-19
Evaluate (-9 - 1) + 424 + -422.
-8
What is the value of -9 - (6 - 4 - 22 - -5)?
6
What is the value of (-14 - -12) + -1 + 1?
-2
Evaluate (-5 - -9 - (-17 + 15)) + -18.
-12
What is 24 + (31 + -22 - 28)?
5
What is the value of -1 + 1 + (50 - 46) - -2?
6
Calculate (-3 - (3 - 6)) + 3 + -5.
-2
What is (-47 - -24) + 8 - (-1 + -5) - -13?
4
What is 2 + 1 + (-3 + (-7 - -5) - -1)?
-1
What is 3 - (-3 - (3 - (0 - -5)))?
4
What is 30 + -2 + 13 - (8 + -2)?
35
Evaluate 37 + -37 - (-2 + 2 - 6).
6
Evaluate (-11 + 34 - 9) + -2.
12
-22 + -21 + 24 + (5 - 5) + 6
-13
What is the value of -6 + 9 + -1 + 9?
11
What is the value of 111 + -131 - (-4 + (-1 - 2))?
-13
What is 4 + -1 + (-1 - -5 - 6) + 8?
9
What is the value of -5 - 0 - (36 + -12 - 9 - 5)?
-15
Calculate -10 + -3 - -5 - -5.
-3
Calculate -15 + (-11 + -2 - -28).
0
What is the value of 15 - 47 - -21 - (1 + 3)?
-15
Evaluate 7 + (5 + -2 - (35 + -23)).
-2
(5 + 26 - 40) + 24
15
Evaluate 39 + (1 - ((0 - 4) + 0) - 11).
33
What is the value of 0 + 3 + 4 + (-10 - -6)?
3
What is -19 + 32 + -29 - 6?
-22
Evaluate 5 + -3 + 4 + 1 + -5 + -6.
-4
2 + -6 - ((-24 - -26) + (-3 - 1))
-2
Evaluate -4 + -1 + (339 - 327) + -21 + 0.
-14
What is the value of 14 + 12 + -34 + 3 - -24?
19
Calculate (0 - -17) + (-116 + 56 - -74).
31
601 + -597 - (32 + -2)
-26
What is the value of -4 + 19 + -16 + (4 - 0) + 5?
8
What is the value of (39 - 13) + -20 + 13 + -1 + 1?
19
Calculate (23 - 22) + (-14 - -4) - 11.
-20
5 + (38 - 56) + -2
-15
Evaluate 9 + -17 - (-14 + 9) - -4 - -35.
36
(-21 - (2 - 2 - 35)) + 22
36
Evaluate (-4 - -7) + (-5 - (-5 - (-12 + 9))).
0
What is the value of 13 + (-2 - (16 + -6))?
1
-10 + 7 + 2 - -7 - 1
5
(-22 - -33 - 14) + -26
-29
What is the value of 5 - (12 - 14 - (7 - (-1 - -4)))?
11
15 - 1 - (-174 - -181)
7
What is -2 - (34 + -40 - ((-2 - 0) + -8))?
-6
What is (-1 - -12) + -6 + -1 + -258 + 248?
-6
What is 3 + -15 + 22 + -20?
-10
What is the value of 1 - (-1 - (-1 + 0)) - (12 + 1)?
-12
(12 - (2 - (-14 + 11))) + -8
-1
What is (4 + 2 - -1) + (-7 - 3) + -8?
-11
What is the value of (2 - -13) + (-7 + 12 - 14)?
6
Calculate (-7 - -5) + -13 + 0 + 3.
-12
(-15 - -31) + -21 - (7 - (-1 - -2))
-11
(1 - -11) + 5 + 2
19
Calculate 5 - (0 + 1) - (6 - (5 - 2)).
1
What is 5 - 1 - (0 - -6 - (5 - 2))?
1
Evaluate -13 + 29 + -22 - 2.
-8
-13 + (28 - 3) + 13
25
What is the value of -8 - (-30 + (6 - (1 - (2 + 0))))?
15
What is the value of -19 + 14 + 43 + -18?
20
Evaluate (25 + -73 - -41) + (0 - -18 - -1).
12
What is 